of -j**6/120 - 7*j**5/20 - 4*j**4/3 + 56*j**3/3 + 42*j**2 + 87. Give s(-19).
-2
Let y(b) = b**2 + 11*b + 8. Let j(w) be the first derivative of 2*w**3/3 + 23*w**2/2 + 18*w + 21. Let v(g) = 2*j(g) - 5*y(g). What is v(-6)?
14
Suppose -x + 61 = 19. Let y be (-12)/(-2) + (-84)/x. Let w(s) = -s**3 + 5*s**2 - 7*s + 6. What is w(y)?
-6
Let k(w) = 47 + 8*w + w**2 - 84 + 44. Let a be 6/18*(2 - 23). What is k(a)?
0
Let k = -174 - -209. Let d(a) = -a**2 + 28*a + 254. Let f be d(k). Let x(s) = 4*s + 5. What is x(f)?
41
Let c = 13 + -5. Let v(s) = -s**3 - 2*s**2 + 2*s. Let r(q) = -3*q**3 + 5*q**2 - 4*q - 4. Let k(o) = -r(o) + 2*v(o). Give k(c).
4
Let y(g) = -4*g**2 - 9*g - 1. Let h(o) = o**2 + 27*o + 77. Let t be h(-24). Let f(c) = 24*c + 7*c**2 - 2 + 1 + 4 - 7*c. Let x(q) = t*y(q) + 3*f(q). Give x(-4).
-4
Let k(r) = -4*r. Let s(v) be the first derivative of 13*v**2/2 + v + 6. Let p(y) = 8*k(y) + 3*s(y). Let t(g) = g**2 - 36*g + 241. Let f be t(9). Calculate p(f).
-11
Let z(c) = -10 - 78 + 16 + 25 - 2*c. Let a be z(-23). Let q(n) = 4*n**2 - 1. Calculate q(a).
3
Let p(a) be the first derivative of -49*a**3/3 - 3*a**2/2 + 2*a - 827. What is p(1)?
-50
Let q(n) = n**3 + 20*n**2 - 45*n - 20. Let g be q(-22). Suppose 0 = 5*h - 4*f + f, 0 = g*f. Let t(u) = u - 9. What is t(h)?
-9
Let q(n) be the third derivative of -n**6/120 + n**5/10 - n**4/8 - 7*n**3/6 - 21*n**2. Let f be 41/(-123) + (-16)/(-3). Give q(f).
3
Suppose 0 = t + m - 4, 3*t - 2*m = 1 + 1. Let k(f) = f**3 + 0*f - t*f - 1 - 17*f + 9*f + 7*f. Determine k(-3).
-19
Let u(g) = -1 + 3*g - 2 + 2. Let z(h) = 5*h - 33. Let b be z(9). Suppose -b = -4*t - 0*t. Give u(t).
8
Let p(d) = -d**2 - 3*d + 7. Let h(z) = 2*z**3 - 4*z**2 - 3*z + 1. Let g be h(-2). Let k = -84 - g. Let f = 54 + k. Calculate p(f).
-3
Let b(k) = -39*k**2 - 124*k - 374. Let w(c) = 8*c**2 + 25*c + 75. Let l(u) = -6*b(u) - 29*w(u). Calculate l(-6).
27
Let r(y) be the second derivative of y**5/20 + y**4/3 + y**3/2 - y**2/2 + 2*y. Let w = -118677 - -118674. What is r(w)?
-1
Let a(z) be the first derivative of 4*z**3 + 0*z**4 + 0*z**2 + 0*z - 16 + 1/30*z**5. Let w(y) be the third derivative of a(y). What is w(2)?
8
Let j(v) be the second derivative of -4*v - 1/24*v**4 + 3/2*v**3 + 1/120*v**5 + 0 + 0*v**2. Let g(r) be the second derivative of j(r). Give g(5).
4
Let y(s) be the second derivative of -23*s**3/6 - 259*s**2/2 + 468*s + 3. Calculate y(-11).
-6
Suppose -3*u - 8 = -2*q, -5*u = 2*q - 4*u - 8. Suppose q*p - 84 = -10*p. Let y(z) = z**3 - 5*z**2 - 3*z + 3. What is y(p)?
21
Let k(w) = -w**3 + 8*w**2 - 2*w + 5. Let o(n) = -21*n - 370. Let q be o(-18). Calculate k(q).
-11
Let r(x) = 158*x - 79*x - 75*x - 4 - 4 + 3. Calculate r(2).
3
Let q be 68/16 + 1/(-4). Suppose q*k = 20 + 12. Let u(d) = -9*d - 144 + k*d + 137. Determine u(-8).
1
Let j(w) be the first derivative of w**2 + 5*w - 61 + 2/3*w**3. What is j(-5)?
45
Let o be (-1)/(-1) + 17 + -2. Suppose 0 = 6*j + o - 52. Let k(x) be the third derivative of x**5/60 - x**4/12 - 2*x**3/3 + 27*x**2. Determine k(j).
20
Let q(k) = 2*k + 28. Suppose -173*f = 2562 + 206. Calculate q(f).
-4
Let y(u) = 260*u**3 - 44*u + 269*u**3 + 87 + 13*u**2 - 528*u**3 - 4*u**2 + 13*u**2. Calculate y(-24).
-9
Let t be (-186)/4 - (-15)/30. Let w = 41 + t. Let l(q) = 7*q + 3. Calculate l(w).
-32
Let j(v) = 34*v**2 + 67*v + 4. Let z(l) = -10*l**2 - 22*l - 1. Let r(f) = -2*j(f) - 7*z(f). What is r(-12)?
47
Let z(k) = 4 - 20 + 3*k**2 + 2 - 5*k**2 - 20*k + 2. Determine z(-9).
6
Let d be (-135)/360 + (-38)/(-16). Let u(t) = d*t**2 - t**2 - 3970*t + 3979*t + 6 - 2. Let q(j) = 4*j - 1. Let f be q(-2). What is u(f)?
4
Let w be 26/(1*(-3)/6). Let m = -58 - w. Let i be (-4)/4*(-2)/(m/9). Let f(k) = 3*k - 2. Determine f(i).
-11
Let a(v) = -3*v - 82. Let p(k) = -35*k**2 - 1257*k + 93. Let o be p(-36). Determine a(o).
-37
Let u(i) be the second derivative of -i**3 - 33 + i + 12 + 17. Suppose 4*v = v + 6. Determine u(v).
-12
Suppose 7 = 9*p - 2. Suppose -13 = -3*j - p. Let a(o) = o**3 - 4*o**2 + 3*o + 3. What is a(j)?
15
Let m = 2155 - 2152. Let s(j) be the first derivative of 1/4*j**4 + 2*j - 13 - j**m - j**2. Give s(3).
-4
Let s(k) = -7*k**3 + k**2 - k + 1. Let o be -1*7594/(-22) - (-66)/(-363). Let l = -344 + o. What is s(l)?
-6
Let x be (-18 - -21)*(3 + -2). Let i(g) = g**3 - 2*g**2 - 4*g + 1. What is i(x)?
-2
Let o be (-3)/(-3)*-6 + -1. Let t(f) = f**2 - f - 4*f**2 - 488*f**3 - 6 + 489*f**3 + 8*f**2 + 2*f**2. Give t(o).
1
Let q(z) = -z**3 + z**2 - 13*z. Let o be q(0). Let f(v) be the second derivative of 1/2*v**2 + 1/3*v**3 - 17*v + o. Determine f(5).
11
Let y = -76 + 73. Let n(b) = -10*b - 5. Let r(z) = 7*z + 6. Let u(g) = -2*n(g) - 3*r(g). Determine u(y).
-5
Let o(j) = j**2 - 20*j + 40. Suppose 0 = 7*f - 42*f + 595. Give o(f).
-11
Let r(p) = -p**3 + 15*p**2 - 49*p - 3. Let c(g) = 4*g**2 + 246*g + 247. Let m be c(-1). Give r(m).
2
Suppose -2*x - 329*q + 330*q = 10, -q + 4 = -x. Let u(k) = k**2 + 8*k + 17. Calculate u(x).
5
Let g(u) = -u**2 - 20*u + 4. Suppose -4*h + 220 = -15*h. Let q be g(h). Let m(o) = -5*o - 5. Let i(j) = 3*j + 3. Let c(y) = q*m(y) + 7*i(y). What is c(-4)?
-3
Let f be 34/4*(5 + -7 - 2). Let q = -29 - f. Let u(h) = -h**2 + 5*h - 4. Calculate u(q).
-4
Let i(p) = p**3 + 3*p**2 + p + 7. Let r(c) = -c**2 + 16*c - 57. Let o be r(5). Calculate i(o).
9
Let d(v) = 5*v - 35. Let h be d(8). Let b(l) = -19*l + l**3 - 3*l**2 + 14*l - 14*l + 1 + 12*l. What is b(h)?
16
Let s(t) = -t**2 - 3*t - 4. Suppose -106 + 90 = -8*p. Suppose 2*a + 8 = p*d, 5*a - 2*a + 5*d = -12. Give s(a).
-8
Let k(i) = -8*i**2 + i. Let j = -355 + 459. Suppose 2*b - j = -106. Calculate k(b).
-9
Let s(l) = -9*l**2 + 3*l + 2. Let o be s(-2). Let u be -2 + ((-1)/5 - 208/o). Suppose 0 = -u*r + y, -4*r + 0*r = -y. Let b(p) = -p**2 + p + 11. Calculate b(r).
11
Let s be 12 + -10 + (-6)/6. Let b(n) = -6*n + 13. Let h(m) = m - 2. Let t(l) = s*b(l) + 4*h(l). Determine t(4).
-3
Let a(l) be the first derivative of -3*l**2/2 - 7*l - 1488. Calculate a(-10).
23
Let b(x) = 10*x - 280. Suppose 3*u = 3*j + 108, -2*u + 90 = -37*j + 32*j. Give b(u).
20
Let j = -165 - -167. Let w(y) = -133 - 4*y + 261 + y**j - 133. Determine w(4).
-5
Let g(i) be the first derivative of 19*i**4/4 + 2*i**2 + 5*i - 483. Determine g(-1).
-18
Let o(g) = 7*g - 62. Let u be o(9). Let x(r) = -2*r**2. Let s(t) = 16*t**2. Let c(a) = 6*s(a) + 51*x(a). Calculate c(u).
-6
Suppose -9*k - 18 = 27. Let o(h) be the second derivative of 1/3*h**3 - 1/20*h**5 - 1/3*h**4 - 7/2*h**2 + 0 + h. What is o(k)?
8
Let l(g) = 792 - 197 - 202 + 3*g**2 - 193 - 9*g - 195. Calculate l(4).
17
Let t(x) = x**2 + 6*x - 2. Let w = -348 - -352. Give t(w).
38
Let b(d) = d**2 + 9*d + 8. Let r = -421 - -453. Suppose -n = 2*t + 5, 0*t + 4*t - r = 4*n. Calculate b(n).
-6
Suppose -4*i = g - 10, 159 - 166 = -i - g. Let j(p) = -45*p**3 - p**2 - p + 2. Calculate j(i).
-45
Let q(d) = 13*d + 7*d - 4*d + 18*d**2 - 548 - d**3 + 0*d**3 + 624. What is q(19)?
19
Suppose h + d = -2, -4*d - 36 = 54*h - 57*h. Let i(g) = 22*g - 80. What is i(h)?
8
Let q(n) = 81030*n - n**3 - 40516*n + 2 - 13*n**2 - 40517*n. Calculate q(-13).
41
Let r(q) be the first derivative of 8*q**3/3 + 3*q**2/2 + q + 1935. What is r(-2)?
27
Let a(n) = -n**2 + 10*n + 6. Let f(r) = r**2 - 19*r - 7. Let b(h) = -3*a(h) - 2*f(h). Let j be (-1)/((-1)/(-10)) + 2. What is b(j)?
-4
Let i(m) = 5*m**3 - 192*m**2 - 3*m + 30. Let v(g) = -g**3 + 30*g**2 + g + 1. Let n(z) = i(z) + 6*v(z). What is n(-12)?
0
Let y(d) = 7*d + 142. Let i be y(-16). Let p be (-15)/(-6)*48/i - -5. Let l(z) = z**3 - 10*z**2 + 8*z + 7. Determine l(p).
-2
Let m be 5*(9 - (-366)/(-30)). Let k(q) = q**2 + 15*q - 5. Give k(m).
11
Let u(a) = -2*a**2 + 22*a - 3. Let y(c) = -2*c**3 - 11*c**2 + 26*c + 129. Let q be y(-6). Determine u(q).
33
Suppose -2*j + 726 = -4*b, b - 188 - 169 = -j. Let v = j - 355. Let k(m) = m - 2. Give k(v).
2
Let x(u) = -u**3 + u. Suppose 0 = v + 4*i - 47, 0*v = -2*v - 3*i + 104. Let h = -43 + v. Let d be (1 - 0)/(6/h). Calculate x(d).
-6
Let l(q) = q - 8. Suppose -1004 = -61*g - 577. What is l(g)?
-1
Let m(v) = -v + 6. Let y(n) = n**2 - 15*n + 38. Let u(o) = -3*m(o) + y(o). Determine u(9).
-7
Let j(m) be the third derivative of -m**4/24 - 11*m**3/6 + 29*m**2. Let c(b) = 9. Let w(l) = 6*c(l) + 5*j(l)